ermine s(-4).
-6
Let k(p) = 2*p - 12. Let o = 11 + -6. Suppose -15 = -o*u, u + 3 = -x + 4*u. Let b be k(x). Let g(m) = -m**3 - m**2 - 9. Determine g(b).
-9
Let g be (2/5)/((-9)/90). Let o(d) = d**3 + 4*d**2 + 5. Give o(g).
5
Let f(p) = 4*p - 8. Let v = 527 + -518. Determine f(v).
28
Let d(z) be the first derivative of -z**3/3 + z**2/2 + 44*z + 574. Give d(0).
44
Let g(h) = -h + 1. Let v be g(-1). Let f(k) = -k**2 + k**3 - 2 + 2*k - 3*k**v - 3*k - 2*k. Let c be (-2)/3*30/(-4). What is f(c)?
8
Let g(b) = -14 + b + 65 - 15 - 17 - 18 - 10*b**3. Give g(-1).
10
Let z(n) be the second derivative of -2*n**3/3 - 3*n**2/2 - 2*n + 30. Calculate z(-8).
29
Let c(t) = -5*t**2 - 4*t**2 + 13*t**2 - 5*t**2 - t. Let g be c(-3). Let q(o) = o**2 + 8*o - 1. What is q(g)?
-13
Let g(d) = -193*d + 1538. Let z be g(8). Let c(h) = -h - 8. Let k(b) = 3*b + 23. Let t(j) = 8*c(j) + 3*k(j). Calculate t(z).
-1
Let h(g) = g**3 - 3*g**2 - 2*g + 2. Let y be h(0). Let c be -3 + 0 + y/1. Let r(m) = -28*m**3 - m - 1. Give r(c).
28
Let s(z) = -z**3 - 2*z**2 + z + 1. Let b = 18 + -34. Let q be (b/64)/((-1)/(-4)). Give s(q).
-1
Let h(d) = 8 + 192*d**3 - 14*d**2 - 191*d**3 + 14*d - 21. What is h(13)?
0
Let p(i) be the second derivative of i**4/6 + 5*i**3/3 + 3*i**2 + 3*i - 5. Give p(-6).
18
Let r(g) = g**3 - 3*g**2 - 2*g - 2. Let q be r(4). Let l(y) be the second derivative of y**3/6 + 3*y**2 + 265*y. Calculate l(q).
12
Let m be 112/(-12)*(-1)/(2/9). Suppose m*w = 36*w. Let k(v) be the third derivative of v**5/60 - v**4/24 - 4*v**3/3 + v**2. Calculate k(w).
-8
Let k = 203 - 208. Let s(a) = 6*a + 5. Calculate s(k).
-25
Let t(g) = -15*g + 6. Let b be 186/279*(-18)/(-4). Calculate t(b).
-39
Let v(d) = -115*d + 124*d - 3 + 5. Give v(-2).
-16
Let w(p) = p**3 + 4*p**2 + p. Let z(f) = -f - 1. Let b = -1 - 5. Let c(d) = d**2 - 9*d - 9. Let s(j) = b*z(j) + c(j). Let y be s(3). What is w(y)?
6
Suppose 19*z + 1 = -37. Let o(t) be the third derivative of 0*t**4 + 0 + 4*t**2 - 1/3*t**3 + 1/20*t**5 + 0*t + 1/120*t**6. Give o(z).
2
Let i(z) be the third derivative of -z**5/60 + z**4/24 + z**3 + z**2 + 24. What is i(5)?
-14
Let b(f) be the first derivative of -f**4/4 + f**3/3 + f**2/2 - 12*f + 231. Give b(0).
-12
Let s(u) be the first derivative of -u**2/2 - 17*u + 365. What is s(-10)?
-7
Let d(m) = -m**2 + 5*m. Let o = 13 - 17. Let u = 2 - o. Give d(u).
-6
Let h be 1 - 3 - 1 - 2. Let z(m) = -2 - 279*m**3 + 286*m**3 + 13 + 6*m + 17*m**2. Let x(g) = 4*g**3 + 9*g**2 + 3*g + 6. Let v(j) = 5*x(j) - 3*z(j). Give v(h).
-13
Let f(c) = 3*c - 5. Let s(a) be the first derivative of a**2/2 - 27. Let j(m) = f(m) - 2*s(m). Give j(4).
-1
Let u = 60 + -59. Let m(v) = -4*v. Determine m(u).
-4
Let f = -299 - -310. Let z(x) = x**2 - 14*x + 8. What is z(f)?
-25
Let w(d) = 17*d**2 + 3 - 38*d**2 - 43*d**3 + 44*d**3 + 2. What is w(21)?
5
Let m(x) = -x**3 - 3*x**2 - 53 + 4*x**2 - 2*x + 3*x + 22. What is m(0)?
-31
Let p(g) be the first derivative of g**4/4 + 5*g**3/3 + g**2 + 2*g + 206. Determine p(-5).
-8
Let l be 4 + -11 + 3 - (-2 + 7). Let d(r) = -r**2 - 13*r + 1. What is d(l)?
37
Let l(j) = -j**2 + 9*j - 14. Suppose 0 = -k - 2*y + y - 2, 12 = 4*y. Let q be 2/k*(-25 + 10). Let v be l(q). Let h(w) = -2*w**2 + 4*w + 4. What is h(v)?
-12
Let z(m) be the second derivative of m**5/2 + m**4/12 - m**3/6 - 8*m. Let i be 6/(-4)*4/(-6). Calculate z(i).
10
Let a = -687 - -695. Let y(c) = -c**2 + 10*c - 9. Give y(a).
7
Let r(p) = -p**3 - 5*p**2 - 2*p + 6. Let u be r(-4). Let h(x) = -2*x**3 - 3*x**2 - 3*x - 1. Calculate h(u).
9
Let b(w) = -w**3 - 6*w**2 - 6*w + 4. Let r = -750 + 744. Give b(r).
40
Let d = 42 - 35. Suppose 0 = -10*g + d + 3. Let p(w) = -8*w**3 - w**2 - w + 1. Determine p(g).
-9
Let q be (0 - 264/15)*(-2 - -7). Let a = -84 - q. Let u(r) = r**3 - 3*r**2 - 2*r - 1. What is u(a)?
7
Let t be (5/(-15))/(2/6). Let j(r) be the second derivative of 7*r + 1/2*r**2 + 1/12*r**4 + 1/5*r**5 + 1/6*r**3 + 0. What is j(t)?
-3
Let w(v) = -7 - 3 - 11*v - 6*v - 6 + v**2 + 11*v. Calculate w(-2).
0
Let v be 2 + 20/(-4) + 6. Let c(l) = -9*l + 151 + 5*l**2 + l**v + 3*l - 156. Determine c(-6).
-5
Let d = -1607 + 1597. Let i(x) = 2*x**2 + 19*x - 12. Calculate i(d).
-2
Suppose 7*o - 2*o = f + 209, 2*f = -3*o + 128. Let a = o + -38. Let w(v) = 2*v + 2. Give w(a).
10
Let b(m) be the first derivative of m**3/3 + 3*m**2 - 8*m - 76. Calculate b(-9).
19
Let t(o) = -12*o + 9*o + o**2 + 3*o**2 - 1 - 3*o**2. What is t(3)?
-1
Let c(g) = -3*g**2 + g**2 + 6*g - 1 - 5*g + 2. Let m(q) = q**3 + 3*q**2 - 5*q + 1. Let r be m(-4). Suppose 0*s = r*s + 5. Determine c(s).
-2
Let b(n) = -2*n**2 - 2*n + 2. Suppose 0 = 5*w + 6 + 4. Let v be b(w). Let d(f) = -21*f - 3 - 14*f - 22*f + 54*f. Determine d(v).
3
Let k = -27 - -28. Let i(v) = -58*v - 10*v**2 + 58*v. Calculate i(k).
-10
Let m(s) be the third derivative of s**5/60 + s**4/8 - 5*s**3/6 - 10*s**2 - 18*s. Give m(-4).
-1
Let v(n) = -n**2 - 6*n + 5. Let f = 0 + -12. Let q(b) = -b**2 - 11*b + 6. Let s be q(f). Calculate v(s).
5
Let v(i) be the first derivative of 0*i + 2 - 2*i**2 + 4/3*i**3 + 1/4*i**4. Suppose -4*u + 10 = -10, 3*u = -3*w. What is v(w)?
-5
Suppose x + 5*k - 1 = -12, 5*x = -2*k + 37. Suppose 5*f - 4*o = 13, -4*o + 3 = -x. Let s(n) = -n**3 + 5*n**2 + 3*n - 6. What is s(f)?
9
Let h be ((-112)/64)/((-1)/4). Let j(n) = n**2 - 3*n + 9. Give j(h).
37
Let t(u) = -6*u**3 + u**2 - 11*u + 5. Let k(s) = -s**3 - 2*s + 1. Let x(z) = 10*k(z) - 2*t(z). Calculate x(3).
42
Let g(x) = -667 + x + x**3 + 1356 - 685 - 5*x**2. Let d(q) = q**3 - 3*q**2 - 3*q. Let o be d(4). Determine g(o).
-8
Let m(a) = a - 20. Suppose 15 = 3*k - 0. Let g be (-5)/(k + 25) - (-1)/6. Determine m(g).
-20
Let v be 44/10 - 3/(-5). Suppose 8 + 2 = -v*l, 4*r + 4 = -4*l. Let a(n) = -3*n - 2*n - 2*n**2 + 6*n**2 - 1 + 6*n. Give a(r).
4
Let x be (91 - 92) + 1*-4. Let n(a) = -a**3 - 6*a**2 - 7*a - 9. Calculate n(x).
1
Let h = 15 + -13. Let q be (-96)/18*3/h. Let n = -14 - q. Let a(g) = g**3 + 5*g**2 - 6*g - 7. Give a(n).
-7
Let f(m) = -m**3 - 7*m**2 - 2*m + 4. Suppose 4*h + 20 = 4*t, -39*t - 19 = 3*h - 40*t. Give f(h).
18
Let z(v) = v**3 - 7*v**2 + 8*v - 8. Suppose 30*m - 32*m + 12 = 0. Let a(n) = n**2 - 5*n + 2. Let f be a(m). Suppose h + 2 = f. Calculate z(h).
4
Let a(b) = 2*b - 8. Let w(p) = p - 25. Let u(j) = 2*j**2 - 15*j + 36. Let r be u(6). Let x be w(r). What is a(x)?
-22
Let z(p) be the third derivative of -p**4/4 - p**3/2 + 5*p**2. Suppose 53 = 4*g + s + 56, 4*g = 5*s - 33. Determine z(g).
9
Let s(g) = g**2 + 3*g - 7. Let y(a) = 0 + 0 - 3*a - 1 - 4. Let k(q) = -4*q - 5. Let j(b) = -2*k(b) + 3*y(b). Let m be j(0). Determine s(m).
3
Let t(m) be the second derivative of -m**5/20 + 3*m**4/4 + 3*m**3/2 + 2*m**2 + 51*m. Calculate t(10).
-6
Let b(p) = p**3 - 5*p**2 + 6*p - 3. Suppose 0 = -3*w + 6, 39*w - 34*w - 14 = -z. What is b(z)?
5
Let t(h) = -h**2 - 14*h - 40. Let a be t(-10). Let f(i) = -i**2 - i - 2. Calculate f(a).
-2
Let b(r) = r**2 - 5*r - 5. Let i be ((-119)/34)/((-2)/(-4)). Let q(o) = -2*o**3 - 15*o**2 - 10*o - 16. Let k be q(i). Calculate b(k).
-5
Let r be (-5)/((-50)/(-8))*(-5)/2. Suppose q + 2 = -3*o, 3*o + r = -5*q + 4. Let t(d) = 6*d. Give t(q).
6
Let f(i) = i - 23. Let w be 10 + 1 + 7 - 13. Give f(w).
-18
Let v(l) = -l**3 - 5*l**2 + 5*l - 2. Let b(w) = 4*w + 2. Let i be b(-2). Let o be (1 + -2)*15*1. Let s be i/5*o/(-3). Give v(s).
4
Let r(u) = -4*u - 7. Let k(v) = -2*v - 6. Let l(h) = 4*k(h) - 3*r(h). Calculate l(2).
5
Let y = 488 - 487. Let l(u) be the first derivative of u - y + 0*u**3 + 0*u**2 - 1/4*u**4. Determine l(-1).
2
Let j(t) = 4*t**2 - 6*t - 6. Let f(d) = -5*d**2 + 7*d + 7. Let i(c) = 3*f(c) + 4*j(c). Let w = -21 - -13. Let g be -1*2*(4 - (-2 - w)). Calculate i(g).
1
Let q(h) = 2*h**2 - 13*h - 2. Suppose -15428*f = -15427*f - 9. Give q(f).
43
Let c(v) = 2 - 102*v + 165*v - 3 - 1. What is c(1)?
61
Let v(f) be the third derivative of -f**7/840 + f**6/90 + 5*f**4/24 + f**3/3 - f**2. Let l(x) be the first derivative of v(x). Let a = 443 - 439. Give l(a).
5
Let p be (5 - 2)*12/12. Let d(v) be the first derivative of 7*v - 1/4*v**4 - 3 + 2*v**2 + 5/3*v**p. What is d(6)?
-5
Let r(a) = 2*a - 11. Suppose 0 = 3*h + 3*l + 15, 168 = -3*h + 3*l + 129. Give r(h).
-29
Let h(f) = -f + 8. Suppose -4*i = x - 15, -2*x + 24 = 2*x + 4*